the greatest common divisor of 450 and k.
50
Let v = -303 - -771. Suppose 44*m = 48*m - v. Calculate the highest common divisor of 18 and m.
9
Let w(t) = -t**2 + 9*t + 92. Let a be w(-6). Suppose c - 10 = -a. Calculate the highest common divisor of c and 256.
8
Suppose 4*f + 2*i = -448, 7*f = 2*f + 2*i - 560. Let r = f - -119. Suppose -r = -3*n + 2*n. Calculate the greatest common factor of 28 and n.
7
Let s = -41 - -141. Suppose -20 = -c - 2*k, 5*c - 3*k - s = -4*k. Let d = 752 - 732. Calculate the greatest common divisor of d and c.
20
Suppose -5*v = -379*x + 380*x - 821, -v + 169 = -x. What is the greatest common divisor of v and 1540?
55
Suppose -8606 = -4*f + 973*c - 976*c, -c = f - 2153. What is the greatest common factor of 2034 and f?
113
Suppose 2*v = -4, -2*b + 214 = -5*v - 96. Let a = -32 + 122. What is the greatest common divisor of a and b?
30
Let y(d) = 143*d - 1419. Let z be y(10). What is the highest common factor of 10252 and z?
11
Suppose 2*l - 96 + 42 = -3*s, -5*l = 3*s - 45. What is the highest common divisor of 460 and s?
20
Let h be (-1)/(-1)*(-1)/(-1). Suppose 34*q = 32*q + 1036. Let r = -511 + q. What is the greatest common factor of r and h?
1
Let z = -21 - 50. Let j be z/((-22)/7 + 3). What is the greatest common divisor of 7 and j?
7
Suppose -3*v + 110 = 2*v. Let g = v - 20. Suppose 2*f = 4*h - 24, g*f - 24 - 24 = -5*h. Calculate the greatest common factor of h and 16.
8
Suppose 0 = -22*p + 18*p - 96. Let l(f) = f + 9. Let u be l(p). Let s = 0 - u. Calculate the greatest common factor of s and 75.
15
Suppose 169*z - 540000 = 19*z. What is the highest common factor of 216 and z?
72
Let o(x) = -x**3 + x**2 + 7*x. Let n be o(-4). Suppose 90 = l + 2*r, 4*r + 8 = l - n. What is the highest common divisor of 16 and l?
16
Let u(v) = v**3 - 4*v**2 - 27*v + 14. Let w be u(-6). Let a = w - -268. Calculate the greatest common factor of 24 and a.
12
Let s be 5/(-20) - 19280/(-64). Calculate the greatest common divisor of s and 387.
43
Suppose -25*h - 28 = -29*h. Suppose -8 = h*c - 71. Calculate the highest common divisor of c and 36.
9
Let x(g) = 61*g + 68. Let f be x(7). Let m = 34 + 13. Suppose 227 - m = 4*r. Calculate the greatest common divisor of f and r.
45
Let k = -3872 - -8830. What is the highest common factor of k and 74?
74
Let y = -2798 - -3006. Calculate the greatest common divisor of y and 156.
52
Let q be -3*(1 + -2 - 1). Let j = 111837 - 111798. What is the highest common factor of q and j?
3
Let r = 11 - 19. Let v = r - -25. Let i be ((-884)/78)/(2/(-33)). Calculate the greatest common divisor of i and v.
17
Let y = 382 - 1505. Let x = 1669 + y. Calculate the greatest common divisor of x and 13.
13
Let x be -451*(707/77 - 10). Calculate the greatest common divisor of 328 and x.
41
Let g be (-218 + -1)/(30/(-20)). Let p be ((-2409)/g)/(2/(496/(-6))). Calculate the highest common factor of 22 and p.
22
Suppose -r + 10*a - 14 = 7*a, -27 = 3*r - 4*a. Let q be r/8*-2 - (-9)/12. What is the greatest common factor of 10 and q?
2
Suppose -3*x - 43 = -2*x. Let s be (10 - (5 - -3))*(-399)/(-14). Let k = s + x. Calculate the highest common divisor of 21 and k.
7
Suppose -19 = -9*l + 8. Suppose -102 = -l*x - 36. Let r be x/99 - 574/(-9). What is the highest common divisor of r and 48?
16
Suppose 12321 = 54*s + 5923 - 6454. Calculate the greatest common divisor of 9877 and s.
119
Suppose -4*y - 105 = -2*p - 1075, 3*y - 3*p - 735 = 0. What is the greatest common divisor of 3420 and y?
60
Let x = 215 - 142. Suppose 5*n - 71 = i, -x = -5*n + 3*i - 0*i. What is the greatest common factor of 14 and n?
14
Suppose 6*o = -5*n + 2*o + 580, 5*n - 620 = 4*o. Let f(s) = -s**2 + 194*s + 4062. Let g be f(-19). What is the highest common divisor of g and n?
15
Let w be ((-12)/(-18))/(2/3). Let c be (-2 - w) + 1 + 245. Suppose -8*x = x - c. Calculate the highest common divisor of x and 18.
9
Suppose 4*d + 68 + 108 = 0. Let l(j) = 5*j + 363. Let u be l(d). What is the highest common factor of u and 39?
13
Suppose -5*p = 3*k - 1881, -58*k - 4*p + 627 = -57*k. Calculate the greatest common factor of k and 77.
11
Let b(j) = -11 + 5 + 2 + 24*j. Let s be b(2). Suppose 107 + 245 = y. Calculate the greatest common divisor of s and y.
44
Suppose 846*s = 871*s - 298714 + 39214. Calculate the highest common divisor of s and 60.
60
Suppose -2*i + y + 14 = 2*i, 0 = -5*i - 5*y + 5. Let u = 206 - 80. Suppose -10 = -5*c, t - 5*t - i*c = -u. Calculate the greatest common factor of t and 10.
10
Let g(c) = 5*c**2 + 107*c + 30. Let y be g(30). Calculate the greatest common factor of y and 10.
10
Let l be (17 + -19)/((-1)/1983). What is the highest common divisor of l and 24?
6
Let n = 87 - -98. Suppose 2*x = 4*i - 1351 - n, -4*i + 1550 = 5*x. Calculate the highest common factor of 22 and i.
11
Suppose -30 = -5*z, -4*a - 71*z + 8918 = -68*z. Calculate the highest common divisor of a and 25.
25
Let p be (-297)/(-6)*((-63)/(-3) - 3). Calculate the greatest common divisor of p and 165.
33
Let y = -8428 + 9568. Calculate the highest common divisor of 75 and y.
15
Suppose 23*u - 26*u + 39 = 0. Let f(r) = r**2 - 15*r + 34. Let o be f(u). Calculate the highest common factor of 8 and o.
8
Suppose -3*z + 79 = 1. Suppose 4*w = u - 36, 2*u - u = -w + z. What is the greatest common divisor of u and 7?
7
Let d be ((-260)/45)/(-1) + 2/9. Let b(t) = 4*t**2 - 11*t. Let m be b(d). Calculate the greatest common divisor of m and 780.
78
Suppose -4*m - 2*q + 2678 = 0, 3*m + 44*q = 45*q + 2011. Calculate the highest common factor of 170 and m.
10
Suppose 7*s - 10227 = -4*u + 67860, -u = 4*s - 44616. What is the greatest common factor of s and 19?
19
Let u be 1 - -2 - (-444960)/72. What is the greatest common divisor of u and 27?
27
Let y(u) = -u**3 + 17*u**2 + 3*u - 15. Let k be y(17). Let o = -1 - 7. Let r be 4/o + (141/6 - -1). Calculate the greatest common factor of r and k.
12
Let d(a) = a**3 + 6*a**2 - 4*a. Let c be d(-8). Let v = c - -137. Suppose -3*j = -z + 3 - v, -4*z + 35 = 5*j. Calculate the greatest common factor of 22 and j.
11
Let t be 108 + ((-12)/3)/(-4). Let w = t - 48. Let n = 101 - w. Calculate the greatest common factor of 24 and n.
8
Let o = -272 + 272. Let i(h) = -3*h + 24. Let w be i(o). Calculate the highest common factor of 348 and w.
12
Suppose -59*j + 23*j = -30*j. Suppose -3*y + 6*y - 300 = j. Let g be 238/6 - 25/(-75). Calculate the greatest common factor of g and y.
20
Let f be 12/20 + 3/(-5)*1. Let w(k) = k**2 - 7*k + 3. Let x be w(7). Suppose x*n = -f*n + 105. Calculate the greatest common factor of n and 5.
5
Suppose 0 = -q - 5*l - 3, l + 5 + 2 = 3*q. Suppose q*g - 54 = -40. Calculate the highest common factor of g and 1.
1
Let i(v) = -4*v. Let l be i(-6). Suppose 0 = r - 5*y - 7 - 79, -5*r - 3*y = -570. Suppose 0 = 2*m + 79 - r. What is the highest common factor of l and m?
8
Suppose 7795 + 11055 = 145*h. Calculate the highest common factor of h and 338.
26
Suppose 0 = 3*y + 12, 3*q + 2*y = -3*y - 8. Suppose -105 = -3*u - 2*t, 32 = q*u - 5*t - 131. What is the greatest common divisor of u and 148?
37
Suppose x - 129 = -4*w, 0*w + 219 = 2*x - 5*w. Let h be (x/(-3))/(3/(-2)). Let q be h*(-28)/(-16)*4. What is the highest common factor of 26 and q?
26
Let i = -84 - -90. Let b be (196/i)/(8/12). Let a(r) = -r**2 + 2*r + 7. Let k be a(0). What is the greatest common factor of k and b?
7
Suppose -59 + 10 = 3*l + 5*q, -l + 2*q = 20. Let p be (-552)/l*3/2. What is the highest common factor of p and 2?
2
Let h(s) = -s**3 + 6*s**2 + 13*s - 4. Suppose 5*r - 3*g = -6 + 44, -4*r + 29 = -g. Let w be h(r). What is the greatest common factor of 114 and w?
38
Let m = -820 - -1140. Calculate the greatest common divisor of m and 500.
20
Let x = 118 - 105. Suppose 14*v = 22*v - x*v. Suppose v = 3*d - 87 - 69. Calculate the highest common divisor of d and 78.
26
Let w(n) = n**2 + 67*n - 1062. Let a be w(14). Calculate the highest common factor of a and 19368.
72
Let m(z) = 596*z**3 + z - 1. Let a be m(1). Suppose -2*n = 5*g + n + a, 5*g - n + 588 = 0. Let j = -55 - g. What is the greatest common divisor of 21 and j?
21
Suppose 0 = -2*u - 6*j + 2*j + 1142, 0 = -5*u - 2*j + 2815. Suppose 6*q - 9*q = -u. What is the greatest common factor of 11 and q?
11
Let l be (-1